vided by 11040898.
4
Calculate the remainder when 42225 is divided by 42207.
18
What is the remainder when 413950 is divided by 68940?
310
What is the remainder when 49390242 is divided by 16463412?
6
Calculate the remainder when 1482986 is divided by 1655.
106
Calculate the remainder when 1054919 is divided by 560.
439
Calculate the remainder when 2238726 is divided by 11422.
14
Calculate the remainder when 753748 is divided by 39.
34
Calculate the remainder when 32859838 is divided by 1531.
1516
What is the remainder when 20421240 is divided by 3492?
24
What is the remainder when 898211 is divided by 472?
467
What is the remainder when 7416273 is divided by 607?
554
Calculate the remainder when 6476925 is divided by 1619197.
137
What is the remainder when 458769 is divided by 861?
717
Calculate the remainder when 115278827 is divided by 1036.
1035
What is the remainder when 82963 is divided by 13824?
19
What is the remainder when 408661 is divided by 101?
15
What is the remainder when 7573119 is divided by 21?
15
Calculate the remainder when 79048 is divided by 254.
54
What is the remainder when 33225144 is divided by 836?
832
What is the remainder when 43124 is divided by 13724?
1952
What is the remainder when 1729430 is divided by 116?
102
What is the remainder when 12856112 is divided by 42?
38
Calculate the remainder when 250281072 is divided by 28.
20
Calculate the remainder when 145365 is divided by 24226.
9
What is the remainder when 8301993 is divided by 8301993?
0
Calculate the remainder when 11821496 is divided by 184710.
56
Calculate the remainder when 47962 is divided by 1093.
963
Calculate the remainder when 3384516 is divided by 6459.
0
What is the remainder when 840106 is divided by 715?
696
What is the remainder when 89125542 is divided by 1819?
1818
Calculate the remainder when 43839300 is divided by 12.
0
Calculate the remainder when 816055 is divided by 90617.
502
Calculate the remainder when 453672 is divided by 8198.
2782
What is the remainder when 8141573 is divided by 527?
477
What is the remainder when 1454607 is divided by 72730?
7
What is the remainder when 348063 is divided by 328?
55
What is the remainder when 93952978 is divided by 58?
54
What is the remainder when 122537192 is divided by 639?
635
What is the remainder when 738902 is divided by 5203?
76
What is the remainder when 55708805 is divided by 622?
619
Calculate the remainder when 24562496 is divided by 750.
746
Calculate the remainder when 870869 is divided by 72477.
1145
Calculate the remainder when 44964 is divided by 755.
419
Calculate the remainder when 169972 is divided by 2464.
2420
Calculate the remainder when 396645 is divided by 3940.
2645
What is the remainder when 1956683 is divided by 5688?
11
Calculate the remainder when 221793 is divided by 20129.
374
What is the remainder when 426539 is divided by 2003?
1903
What is the remainder when 982653 is divided by 4367?
78
What is the remainder when 1561461 is divided by 4?
1
Calculate the remainder when 656 is divided by 605.
51
What is the remainder when 83755 is divided by 27609?
928
What is the remainder when 2083789288 is divided by 1226?
1224
Calculate the remainder when 423176 is divided by 8811.
248
What is the remainder when 334962 is divided by 331?
321
Calculate the remainder when 9408 is divided by 230.
208
Calculate the remainder when 28846887 is divided by 45.
42
What is the remainder when 7596 is divided by 558?
342
Calculate the remainder when 6417792 is divided by 77.
73
Calculate the remainder when 65634663 is divided by 8503.
6
Calculate the remainder when 67145 is divided by 490.
15
Calculate the remainder when 268648750 is divided by 25.
0
Calculate the remainder when 77666678 is divided by 5615.
5613
Calculate the remainder when 14078085 is divided by 2755.
35
What is the remainder when 1187954 is divided by 113?
98
Calculate the remainder when 347532 is divided by 2519.
2429
Calculate the remainder when 108223 is divided by 5244.
3343
Calculate the remainder when 432159 is divided by 271.
185
What is the remainder when 27538263 is divided by 9179420?
3
Calculate the remainder when 6343826 is divided by 1585954.
10
Calculate the remainder when 3304808 is divided by 2262.
26
Calculate the remainder when 8993292 is divided by 3170.
2
What is the remainder when 6049910 is divided by 9279?
2
What is the remainder when 3627405 is divided by 9206?
241
What is the remainder when 154729 is divided by 4035?
1399
What is the remainder when 2683643 is divided by 670876?
139
What is the remainder when 48275318 is divided by 424?
374
What is the remainder when 640798 is divided by 320390?
18
Calculate the remainder when 165853 is divided by 165759.
94
Calculate the remainder when 40582 is divided by 6751.
76
Calculate the remainder when 58127 is divided by 57886.
241
Calculate the remainder when 98393760 is divided by 98.
94
Calculate the remainder when 395917 is divided by 16496.
13
What is the remainder when 397166681 is divided by 24?
17
What is the remainder when 11660 is divided by 3015?
2615
What is the remainder when 15528026 is divided by 1294002?
2
Calculate the remainder when 71729 is divided by 1328.
17
What is the remainder when 159826 is divided by 159816?
10
What is the remainder when 258719 is divided by 1035?
1004
What is the remainder when 15641255 is divided by 154863?
92
What is the remainder when 1675845 is divided by 2078?
977
Calculate the remainder when 1449231 is divided by 1475.
781
What is the remainder when 60633 is divided by 1268?
1037
Calculate the remainder when 804702522 is divided by 3052.
3046
Calculate the remainder when 3693134 is divided by 894.
20
Calculate the remainder when 197408 is divided by 197398.
10
Calculate the remainder when 24674 is divided by 2964.
962
What is the remainder when 230321 is divided by 1595?
641
What is the remainder when 720551 is divided by 720263?
288
Calculate the remainder when 249288 is divided by 36.
24
Calculate the remainder when 798598 is divided by 12.
10
Calculate the remainder when 57488389 is divided by 345.
4
Calculate the remainder when 44477611 is divided by 67.
63
What is the remainder when 6386641 is divided by 798326?
33
What is the remainder when 1277883 is divided by 19964?
187
What is the remainder when 34318697 is divided by 243395?
2
Calculate the remainder when 1192225 is divided by 10372.
9817
What is the remainder when 32688363 is divided by 1421232?
27
Calculate the remainder when 5586513 is divided by 12.
9
What is the remainder when 1023149 is divided by 6394?
109
What is the remainder when 4460978 is divided by 966?
956
What is the remainder when 655819 is divided by 327812?
195
What is the remainder when 2051399 is divided by 141?
131
Calculate the remainder when 56968 is divided by 2816.
648
What is the remainder when 1901428 is divided by 211254?
142
Calculate the remainder when 68387 is divided by 5919.
3278
Calculate the remainder when 479681 is divided by 158913.
2942
What is the remainder when 247348 is divided by 81452?
2992
Calculate the remainder when 325078 is divided by 465.
43
Calculate the remainder when 2359271 is divided by 46260.
11
What is the remainder when 11687750 is divided by 26?
22
What is the remainder when 15397198 is divided by 3079435?
23
Calculate the remainder when 53471 is divided by 16998.
2477
Calculate the remainder when 34924788 is divided by 443.
440
Calculate the remainder when 801642 is divided by 1387.
1343
Calculate the remainder when 563895 is divided by 29678.
13
Calculate the remainder when 1254182 is divided by 418021.
119
Calculate the remainder when 75592546 is divided by 36.
34
What is the remainder when 2309752 is divided by 3903?
3079
What is the remainder when 118177086 is divided by 6456?
6
What is the remainder when 5731644 is divided by 450?
444
Calculate the remainder when 1881823 is divided by 104545.
13
Calculate the remainder when 1907463 is divided by 34665.
888
Calculate the remainder when 1942647 is divided by 15290.
817
What is the remainder when 13003925 is divided by 1055?
1050
Calculate the remainder when 137335 is divided by 68589.
157
What is the remainder when 209907 is divided by 327?
300
Calculate the remainder when 1178